git of 8264?
4
What is the thousands digit of 5280?
5
What is the tens digit of 47?
4
What is the units digit of 2148?
8
What is the hundreds digit of 52206?
2
What is the tens digit of 2190?
9
What is the thousands digit of 46401?
6
What is the ten thousands digit of 161136?
6
What is the hundreds digit of 86410?
4
What is the units digit of 341?
1
What is the tens digit of 7859?
5
What is the tens digit of 13983?
8
What is the units digit of 27381?
1
What is the ten thousands digit of 26424?
2
What is the units digit of 3577?
7
What is the hundreds digit of 52164?
1
What is the thousands digit of 120901?
0
What is the tens digit of 936?
3
What is the hundreds digit of 1889?
8
What is the thousands digit of 12440?
2
What is the tens digit of 27413?
1
What is the tens digit of 1870?
7
What is the hundreds digit of 83395?
3
What is the units digit of 6462?
2
What is the thousands digit of 6112?
6
What is the thousands digit of 1468?
1
What is the tens digit of 1111?
1
What is the ten thousands digit of 11768?
1
What is the thousands digit of 1952?
1
What is the units digit of 1529?
9
What is the ten thousands digit of 10775?
1
What is the hundreds digit of 2865?
8
What is the tens digit of 337?
3
What is the thousands digit of 14894?
4
What is the tens digit of 55922?
2
What is the tens digit of 176?
7
What is the hundreds digit of 2462?
4
What is the tens digit of 930?
3
What is the thousands digit of 1292?
1
What is the units digit of 3009?
9
What is the units digit of 11706?
6
What is the hundreds digit of 657?
6
What is the tens digit of 682?
8
What is the thousands digit of 180716?
0
What is the thousands digit of 10142?
0
What is the thousands digit of 42646?
2
What is the thousands digit of 1114?
1
What is the tens digit of 473?
7
What is the tens digit of 76?
7
What is the units digit of 502?
2
What is the tens digit of 11472?
7
What is the tens digit of 3557?
5
What is the ten thousands digit of 87899?
8
What is the thousands digit of 82136?
2
What is the hundreds digit of 1272?
2
What is the tens digit of 427?
2
What is the tens digit of 620?
2
What is the units digit of 89?
9
What is the units digit of 28157?
7
What is the units digit of 4195?
5
What is the hundreds digit of 7999?
9
What is the thousands digit of 3139?
3
What is the units digit of 557?
7
What is the ten thousands digit of 91226?
9
What is the tens digit of 245?
4
What is the thousands digit of 11817?
1
What is the thousands digit of 1165?
1
What is the units digit of 1056?
6
What is the ten thousands digit of 55523?
5
What is the units digit of 6322?
2
What is the thousands digit of 54299?
4
What is the tens digit of 274?
7
What is the tens digit of 788?
8
What is the hundreds digit of 3054?
0
What is the tens digit of 1508?
0
What is the thousands digit of 1312?
1
What is the tens digit of 1508?
0
What is the units digit of 92704?
4
What is the units digit of 2089?
9
What is the tens digit of 51806?
0
What is the units digit of 6258?
8
What is the hundreds digit of 5974?
9
What is the thousands digit of 7528?
7
What is the thousands digit of 5640?
5
What is the thousands digit of 1925?
1
What is the hundreds digit of 47462?
4
What is the units digit of 102199?
9
What is the hundreds digit of 5746?
7
What is the tens digit of 47413?
1
What is the ten thousands digit of 16209?
1
What is the tens digit of 405?
0
What is the thousands digit of 5145?
5
What is the hundreds digit of 876?
8
What is the thousands digit of 74047?
4
What is the hundreds digit of 65483?
4
What is the tens digit of 2289?
8
What is the units digit of 31703?
3
What is the thousands digit of 4387?
4
What is the units digit of 2419?
9
What is the hundreds digit of 873?
8
What is the hundreds digit of 594?
5
What is the thousands digit of 68290?
8
What is the hundreds digit of 27251?
2
What is the hundreds digit of 1004?
0
What is the hundreds digit of 444?
4
What is the tens digit of 4739?
3
What is the units digit of 340?
0
What is the thousands digit of 24776?
4
What is the thousands digit of 8836?
8
What is the thousands digit of 81695?
1
What is the thousands digit of 5855?
5
What is the hundreds digit of 19111?
1
What is the thousands digit of 14329?
4
What is the units digit of 2420?
0
What is the thousands digit of 119291?
9
What is the thousands digit of 7346?
7
What is the hundreds digit of 2207?
2
What is the hundreds digit of 675?
6
What is the units digit of 1984?
4
What is the hundreds digit of 2403?
4
What is the tens digit of 3446?
4
What is the tens digit of 33932?
3
What is the hundreds digit of 48547?
5
What is the tens digit of 17524?
2
What is the thousands digit of 94017?
4
What is the units digit of 6831?
1
What is the hundreds digit of 1117?
1
What is the hundreds digit of 323?
3
What is the tens digit of 1407?
0
What is the thousands digit of 65745?
5
What is the tens digit of 151242?
4
What is the hundreds digit of 378?
3
What is the hundreds digit of 667?
6
What is the units digit of 50343?
3
What is the hundreds digit of 69404?
4
What is the hundreds digit of 3194?
1
What is the hundreds digit of 44949?
9
What is the ten thousands digit of 24011?
2
What is the units digit of 1509?
9
What is the units digit of 161?
1
What is the units digit of 904?
4
What is the units digit of 6538?
8
What is the hundreds digit of 1193?
1
What is the units digit of 3033?
3
What is the tens digit of 3388?
8
What is the hundreds digit of 770?
7
What is the thousands digit of 13941?
3
What is the hundreds digit of 71288?
2
What is the units digit of 10980?
0
What is the units digit of 34077?
7
What is the hundreds digit of 1698?
6
What is the hundreds digit of 2375?
3
What is the thousands digit of 1887?
1
What is the units digit of 6065?
5
What is the hundreds digit of 31362?
3
What is the tens digit of 4579?
7
What is the tens digit of 52641?
4
What is the units digit of 107641?
1
What is the tens digit of 6676?
7
What is the hundreds digit of 2064?
0
What is the thousands digit of 6643?
6
What is the units digit of 352?
2
What is the units digit of 37?
7
What is the units digit of 198718?
8
What is the hundreds digit of 1763?
7
What is the thousands digit of 2583?
2
What is the units digit of 1293?
3
What is the hundreds digit of 2122?
1
What is the hundreds digit of 630?
6
What is the hundreds digit of 3072?
0
What is the thousands digit of 2947?
2
What is the ten thousands digit of 53163?
5
What is the tens digit of 15871?
7
What is the thousands digit of 95968?
5
What is the tens digit of 7716?
1
What is the thousands digit of 18573?
8
What is the units digit of 4818?
8
What is the hundreds digit of 646?
6
What is the thousands digit of 1013?
1
What is the units digit of 579?
9
What is the tens digit of 7779?
7
What is the units digit of 420?
0
What is the units digit of 62763?
3
What is the thousands digit of 6590?
6
What is the units digit of 24487?
7
What is the hundreds digit of 1465?
4
What is the hundreds digit of 64420?
4
What is the tens digit of 11434?
3
What is the units digit of 558?
8
What is the thousands digit of 10211?
0
What is the tens digit of 1855?
5
What is the tens digit of 10100?
0
What is the tens digit of 180?
8
What is the hundreds digit of 1698?
6
What is the tens digit of 1114?
1
What is the thousands digit of 10546?
0
What is the tens digit of 623?
2
What is the units digit of 2498?
8
What is the units digit of 23763?
3
What is the units digit of 63533?
3
What is the hundred thousands digit of 118659?
1
What is the hundreds digit of 3756?
7
What is the tens digit of 89940?
4
What is the hundreds digit of 39813?
8
What is the tens digit of 1784?
8
What is the hundreds digit of 14675?
6
What is the hundreds digit of 4584?
5
What is the thousands digit of 1293?
1
What is the thousands digit of 5715?
5
What is the hundreds digit of 5067?
0
What is the ten thousands digit of 11901?
1
What is the units digit of 988?
8
What is the units digit of 63?
3
What is the hundreds digit of 3983?
9
What is the thousands digit of 50714?
0
What is the units digit of 33718?
8
What is the ten thousands digit of 10036?
1
What is the thousands digit of 7939?
7
What is the tens digit of 4639?
3
What is the hundreds digit of 798?
7
What is the tens digit of 341?
4
What is the te